a multiple of 127?
False
Is 1695 a factor of 64120155?
True
Does 36 divide 228531397?
False
Is 30 a factor of 31539750?
True
Is 6810 a factor of 870340845?
False
Does 42 divide 372633576?
True
Does 6157 divide 968907567?
False
Is 32007420 a multiple of 18?
True
Does 40 divide 101921747?
False
Is 881 a factor of 58724365?
False
Is 15014880 a multiple of 14?
False
Is 41605276 a multiple of 241?
True
Does 64 divide 18201472?
True
Does 48 divide 21717360?
True
Is 192 a factor of 65482751?
False
Is 16 a factor of 46773104?
True
Does 12 divide 9644232?
True
Is 3434 a factor of 1238789884?
False
Does 47 divide 31058681?
True
Is 357005775 a multiple of 21?
True
Is 22 a factor of 159451721?
False
Does 4898 divide 113986256?
True
Does 56 divide 252466631?
False
Is 263447739 a multiple of 32?
False
Is 68 a factor of 658434412?
True
Is 216 a factor of 27652320?
True
Is 3245875830 a multiple of 38?
True
Is 9 a factor of 167716658?
False
Is 768 a factor of 91760427?
False
Is 970 a factor of 8554706?
False
Does 19 divide 161606096?
True
Does 100 divide 1408686244?
False
Is 7 a factor of 7286397?
False
Does 932 divide 308621565?
False
Does 4 divide 68720261?
False
Is 221167423 a multiple of 26?
False
Is 297 a factor of 70500309?
False
Does 159 divide 53851710?
True
Is 8127462 a multiple of 34?
True
Is 211415966 a multiple of 137?
False
Is 86 a factor of 281229964?
False
Does 1405 divide 232719985?
True
Does 158 divide 11499397?
False
Is 43 a factor of 102316286?
False
Is 19731271 a multiple of 609?
False
Is 5 a factor of 7553074?
False
Is 10 a factor of 1753182910?
True
Is 422401141 a multiple of 73?
True
Does 24 divide 2980243115?
False
Does 3 divide 277148?
False
Is 530786305 a multiple of 3305?
True
Is 97 a factor of 310628241?
True
Does 4 divide 27916623?
False
Is 34211896 a multiple of 66?
False
Is 21066408 a multiple of 2211?
True
Is 6396 a factor of 1439695084?
False
Is 11 a factor of 1165825534?
False
Is 245 a factor of 12484039?
False
Is 7469910 a multiple of 497?
True
Does 58 divide 115123330?
True
Is 467 a factor of 8370902?
False
Is 73 a factor of 8724011?
True
Is 1242 a factor of 123795468?
False
Is 6 a factor of 2591546?
False
Does 352 divide 2758772892?
False
Is 23 a factor of 2091091?
True
Is 4902403 a multiple of 155?
False
Is 397 a factor of 232258418?
False
Does 265 divide 1502022?
False
Is 42904955 a multiple of 39?
False
Does 319 divide 1216430332?
False
Does 8 divide 5289850?
False
Is 16 a factor of 35694606?
False
Is 37409579 even?
False
Does 17 divide 8745890?
False
Is 477491142 a multiple of 37?
True
Is 4276 a factor of 16808956?
True
Does 16 divide 763958048?
True
Does 31 divide 54136290?
False
Is 47 a factor of 71541877?
False
Does 104 divide 53390792?
True
Is 1657 a factor of 1146871009?
True
Is 1404 a factor of 6594742?
False
Does 106 divide 109811760?
True
Is 451988264 a multiple of 76?
True
Is 383641984 a multiple of 88?
True
Does 185 divide 137217123?
False
Is 250 a factor of 8016750?
True
Is 1011780 a multiple of 73?
True
Is 6759 a factor of 1180833544?
False
Is 1571 a factor of 52655200?
False
Does 124 divide 87057920?
True
Is 4 a factor of 18996112?
True
Is 37445960 a multiple of 95?
True
Is 1487 a factor of 833887295?
True
Does 27 divide 55161999?
True
Is 1611 a factor of 446042149?
False
Is 27 a factor of 16901406?
True
Is 96990920 a multiple of 974?
True
Is 118943188 a multiple of 28?
True
Is 20 a factor of 37053753?
False
Is 7612060 a multiple of 378?
False
Is 3200155 a multiple of 3?
False
Does 388 divide 54536709?
False
Is 31249460 a multiple of 55?
True
Does 8 divide 4264104?
True
Is 9627757 a multiple of 318?
False
Is 189891662 a multiple of 12?
False
Does 5351 divide 2036260673?
False
Is 24792935 a multiple of 5?
True
Does 55 divide 125142215?
True
Is 229562703 a multiple of 3?
True
Is 869522115 a multiple of 987?
False
Does 1523 divide 14471546?
True
Is 138 a factor of 41347385?
False
Is 350 a factor of 58139550?
True
Is 926 a factor of 43331205?
False
Does 7 divide 15259321?
True
Is 1412590044 a multiple of 27?
False
Is 263142038 a multiple of 5325?
False
Is 14 a factor of 30808798?
False
Is 1598936 a multiple of 2059?
False
Is 10287581 even?
False
Is 830677305 a multiple of 5?
True
Does 2643 divide 64502415?
True
Does 962 divide 23200457?
False
Is 12100585 a multiple of 87?
False
Is 211 a factor of 654774923?
False
Does 11 divide 41309950?
True
Is 8 a factor of 3906090936?
True
Does 3651 divide 738184737?
True
Is 3703440 a multiple of 22?
False
Is 1139295152 a multiple of 60?
False
Is 116 a factor of 18529260?
True
Is 169400574 a multiple of 382?
True
Does 1188 divide 305757419?
False
Does 5509 divide 3424090780?
False
Is 20 a factor of 41636960?
True
Is 1363 a factor of 1082166672?
False
Does 158 divide 19608906?
True
Is 2717102 a multiple of 1063?
False
Does 2522 divide 3795910980?
False
Is 480052377 a multiple of 9?
True
Is 306521690 a multiple of 851?
True
Is 61298985 a multiple of 55?
True
Is 6 a factor of 2023071?
False
Is 9139062 a multiple of 6?
True
Is 30 a factor of 125123048?
False
Does 218 divide 2867354?
True
Is 58831623 a multiple of 20?
False
Does 2 divide 80571814?
True
Does 2494 divide 513567276?
False
Is 45104202 a multiple of 78?
True
Is 1233 a factor of 459434226?
False
Does 3 divide 47916882?
True
Is 239 a factor of 272128852?
False
Is 71521611 a multiple of 2747?
False
Does 61 divide 119477880?
False
Is 22 a factor of 18138846?
True
Does 25 divide 3065854?
False
Does 19 divide 335132?
False
Does 781 divide 1582075605?
True
Does 10 divide 535867390?
True
Is 28 a factor of 737491276?
False
Does 5 divide 146780?
True
Is 63 a factor of 27172971?
True
Is 138383590 a multiple of 206?
True
Does 187 divide 267741538?
False
Does 4283 divide 328514666?
True
Is 96143928 a multiple of 28?
False
Is 154101557 a multiple of 3919?
False
Is 12 a factor of 100878097?
False
Does 428 divide 503675696?
False
Does 623 divide 55838088?
False
Does 434 divide 19816440?
True
Is 78673140 a multiple of 13?
True
Does 895 divide 61345659?
False
Is 63 a factor of 613998?
True
Does 90 divide 317060900?
False
Does 4 divide 9374068?
True
Is 193 a factor of 144603234?
False
Is 115770616 a multiple of 806?
True
Does 49 divide 122078373?
False
Is 93176307 a multiple of 467?
True
Is 486325140 a multiple of 95?
True
Is 10909257 a multiple of 523?
True
Does 350 divide 145423600?
True
Does 15 divide 52320?
True
Is 9561176 a multiple of 168?
False
Is 4533076188 a multiple of 18?
True
Is 2181 a factor of 86076400?
False
Is 6782 a factor of 833583601?
False
Does 50 divide 8778000?
True
Does 866 divide 77483336?
False
Is 623 a factor of 254360674?
False
Does 78 divide 76437894?
True
Is 116435327 a multiple of 30?
False
Is 81 a factor of 165105378?
True
Does 1551 divide 159954630?
True
Does 5273 divide 1828966829?
False
Is 40464689 a multiple of 804?
False
Does 70 divide 233998049?
False
Is 123 a factor of 68560748?
False
Is 4 a factor of 156054744?
True
Is 41852800 a multiple of 176?
True
Is 36 a factor of 29571588?
True
Is 433 a factor of 41045870?
False
Is 84799143 a multiple of 501?
False
Is 1872 a factor of 8012904?
False
Is 11 a factor of 25990382?
True
Is 23872336 a multiple of 16?
True
Is 1189257405 a multiple of 5?
True
Is 11789238 a multiple of 14?
False
Is 2 a factor of 8682799?
False
Is 42 a factor of 129674916?
True
Does 30 divide 258910950?
True
Does 2816 divide 19223273?
False
Is 98590813 a multiple of 5519?
False
Is 1474334 a multiple of 530?
False
Is 343394410 a multiple of 6558?
False
Is 464962757 a multiple of 31?
False
Is 8 a factor of 203722816?
True
Does 184 divide 183747414?
False
Is 83 a factor of 513723188?
True
Does 42 divide 3360228878?
False
Is 5023617150 a multiple of 30?
True
Does 14 divide 234494750?
True
Does 372 divide 13782228?
True
Is 3448 a factor of 1233057755?
False
Is 5867 a factor of 4212951892?
True
Is 617682642 a multiple of 1840?
False
Is 1082391324 a multiple of 1659?
True
Is 773791890 a multiple of 694?
False
Does 413 divide 2146765245?
False
Is 3421803 a multiple of 11?
True
Is 66440834 a multiple of 1159?
True
Is 1539454 a multiple of 2?
True
Is 459 a factor of 1145724712?
False
Does 99 divide 11357082?
True
Is 142 a factor of 188292284?
True
Is 427302319 a multiple of 965?
False
Does 